er when 32859559 is divided by 490441?
12
What is the remainder when 863518 is divided by 210?
208
Calculate the remainder when 2131165 is divided by 2131155.
10
Calculate the remainder when 23631086 is divided by 4295.
4291
Calculate the remainder when 14026 is divided by 7010.
6
What is the remainder when 5977618 is divided by 18?
16
Calculate the remainder when 385434799 is divided by 213.
10
What is the remainder when 5376478 is divided by 35843?
28
Calculate the remainder when 516642 is divided by 361.
51
What is the remainder when 207475 is divided by 41482?
65
What is the remainder when 113210 is divided by 2364?
2102
Calculate the remainder when 740024 is divided by 369755.
514
What is the remainder when 17018 is divided by 547?
61
Calculate the remainder when 10119259 is divided by 571.
568
Calculate the remainder when 297728 is divided by 260.
28
What is the remainder when 96700 is divided by 1589?
1360
What is the remainder when 255677 is divided by 183?
26
Calculate the remainder when 31578452 is divided by 104.
100
What is the remainder when 57763158 is divided by 637?
635
Calculate the remainder when 6828914 is divided by 812.
806
What is the remainder when 264770681 is divided by 52?
45
What is the remainder when 352085 is divided by 244?
237
What is the remainder when 5144321 is divided by 80380?
1
What is the remainder when 1016092 is divided by 59723?
801
Calculate the remainder when 56437 is divided by 2257.
12
What is the remainder when 340765 is divided by 112885?
2110
What is the remainder when 25203379 is divided by 5230?
9
What is the remainder when 8627 is divided by 8168?
459
Calculate the remainder when 4860039 is divided by 228.
219
What is the remainder when 2641745 is divided by 262?
261
What is the remainder when 8317462 is divided by 38?
22
Calculate the remainder when 943773 is divided by 261.
258
Calculate the remainder when 135111 is divided by 606.
579
Calculate the remainder when 13176 is divided by 1567.
640
Calculate the remainder when 297808 is divided by 147061.
3686
What is the remainder when 105332958 is divided by 1284?
18
What is the remainder when 6959133 is divided by 96?
93
What is the remainder when 36234194 is divided by 59?
52
Calculate the remainder when 1463897371 is divided by 1114.
1111
Calculate the remainder when 280444 is divided by 1721.
1642
Calculate the remainder when 409170 is divided by 204015.
1140
What is the remainder when 10317823 is divided by 53?
48
Calculate the remainder when 108805 is divided by 1208.
85
What is the remainder when 226861 is divided by 14177?
29
What is the remainder when 100929 is divided by 372?
117
Calculate the remainder when 3923096 is divided by 937.
814
Calculate the remainder when 1748998 is divided by 40.
38
What is the remainder when 267439623 is divided by 59?
57
What is the remainder when 221522 is divided by 214?
32
What is the remainder when 1134688 is divided by 283667?
20
What is the remainder when 28543 is divided by 26769?
1774
What is the remainder when 561318 is divided by 92463?
6540
What is the remainder when 2232085 is divided by 118?
115
Calculate the remainder when 71005991 is divided by 208.
199
Calculate the remainder when 2999858 is divided by 374.
4
Calculate the remainder when 5399 is divided by 2056.
1287
What is the remainder when 1336851 is divided by 18313?
2
What is the remainder when 1126674 is divided by 356?
290
Calculate the remainder when 95250 is divided by 23332.
1922
Calculate the remainder when 8857 is divided by 533.
329
Calculate the remainder when 420880 is divided by 677.
463
Calculate the remainder when 1059962814 is divided by 31.
26
Calculate the remainder when 176991 is divided by 3741.
1164
Calculate the remainder when 211410 is divided by 665.
605
Calculate the remainder when 5185094 is divided by 26.
18
Calculate the remainder when 676683 is divided by 140.
63
What is the remainder when 496649 is divided by 392?
377
Calculate the remainder when 18097026 is divided by 646322.
10
What is the remainder when 5682177 is divided by 30?
27
Calculate the remainder when 189924 is divided by 1003.
357
Calculate the remainder when 18129692 is divided by 1648148.
64
Calculate the remainder when 164138 is divided by 6144.
4394
Calculate the remainder when 777744 is divided by 1088.
912
What is the remainder when 262388042 is divided by 49789?
12
Calculate the remainder when 11548565 is divided by 21.
14
Calculate the remainder when 125947266 is divided by 38.
28
What is the remainder when 1410719 is divided by 705140?
439
Calculate the remainder when 5326855 is divided by 6.
1
What is the remainder when 8790596 is divided by 49?
45
Calculate the remainder when 455722 is divided by 151.
4
Calculate the remainder when 8533995 is divided by 31260.
15
What is the remainder when 36066856 is divided by 2835?
2821
Calculate the remainder when 14312359 is divided by 10.
9
What is the remainder when 76115 is divided by 34?
23
Calculate the remainder when 128877 is divided by 1386.
1365
What is the remainder when 351711359 is divided by 231?
230
What is the remainder when 106182 is divided by 13190?
662
Calculate the remainder when 197470176 is divided by 42.
36
Calculate the remainder when 67797721 is divided by 1333.
8
Calculate the remainder when 105286 is divided by 105092.
194
What is the remainder when 59644 is divided by 1736?
620
Calculate the remainder when 184047 is divided by 93.
0
What is the remainder when 24519 is divided by 24350?
169
Calculate the remainder when 311236 is divided by 155614.
8
Calculate the remainder when 67752 is divided by 64232.
3520
What is the remainder when 395117 is divided by 1021?
1011
Calculate the remainder when 18965321 is divided by 19099.
14
What is the remainder when 327285 is divided by 81597?
897
What is the remainder when 759783 is divided by 36?
3
Calculate the remainder when 1972 is divided by 237.
76
Calculate the remainder when 20318417 is divided by 6087.
11
What is the remainder when 1331092 is divided by 30252?
4
What is the remainder when 151720854 is divided by 621?
618
What is the remainder when 17560884 is divided by 12195?
84
Calculate the remainder when 3692740 is divided by 1846365.
10
Calculate the remainder when 258481 is divided by 151.
120
Calculate the remainder when 19258257 is divided by 4101.
4062
Calculate the remainder when 12290158 is divided by 205.
203
Calculate the remainder when 22143109 is divided by 1041.
1039
What is the remainder when 8228142 is divided by 4114065?
12
What is the remainder when 17365329 is divided by 851?
674
What is the remainder when 296626 is divided by 462?
22
What is the remainder when 11972 is divided by 7341?
4631
What is the remainder when 138675 is divided by 557?
539
What is the remainder when 16351528 is divided by 427?
417
What is the remainder when 308510 is divided by 1558?
26
What is the remainder when 202816 is divided by 943?
71
What is the remainder when 1504580 is divided by 5782?
1260
Calculate the remainder when 2560912 is divided by 284542.
34
Calculate the remainder when 9702015 is divided by 1940399.
20
Calculate the remainder when 12996172 is divided by 180.
172
Calculate the remainder when 2711325 is divided by 112.
29
Calculate the remainder when 43970383 is divided by 265.
258
What is the remainder when 370394502 is divided by 6052?
6050
What is the remainder when 1905221 is divided by 272173?
10
What is the remainder when 67165261 is divided by 138?
109
Calculate the remainder when 11707728 is divided by 509031.
15
Calculate the remainder when 65207 is divided by 10828.
239
What is the remainder when 1120484 is divided by 560214?
56
What is the remainder when 2370433 is divided by 464?
321
What is the remainder when 935251 is divided by 12638?
39
Calculate the remainder when 1045986 is divided by 998.
82
What is the remainder when 19899115 is divided by 19899095?
20
Calculate the remainder when 314789 is divided by 753.
35
What is the remainder when 19039644 is divided by 30?
24
What is the remainder when 19535941 is divided by 4883979?
25
Calculate the remainder when 68588 is divided by 6453.
4058
What is the remainder when 33556570 is divided by 75?
70
Calculate the remainder when 2943033 is